{"id":3,"date":"2020-11-03T18:39:16","date_gmt":"2020-11-03T18:39:16","guid":{"rendered":"https:\/\/manufacturasilver.com\/?page_id=3"},"modified":"2026-03-13T12:48:05","modified_gmt":"2026-03-13T18:48:05","slug":"politica-de-privacidad","status":"publish","type":"page","link":"https:\/\/manufacturasilver.com\/index.php\/politica-de-privacidad\/","title":{"rendered":"Pol\u00edtica de Privacidad"},"content":{"rendered":"\n<p>Manufacturas Industriales Silver, S.A. de C.V., mejor conocido como Silvia Silva Guti\u00e9rrez, con domicilio en calle Tecoh Mz 965 Lt 33, colonia Pedregal de San Nicol\u00e1s, ciudad Ciudad de M\u00e9xico, municipio o delegaci\u00f3n Tlalpan, c.p. 14100, en la entidad de CDMX, pa\u00eds M\u00e9xico, y portal de internet www.manufacturasilver.com, es el responsable del uso y protecci\u00f3n de sus datos personales, y al respecto le informamos lo siguiente:<\/p>\n\n\n\n<p><strong>\u00bfPara qu\u00e9 fines utilizaremos sus datos personales?<\/strong><\/p>\n\n\n\n<p>De manera adicional, utilizaremos su informaci\u00f3n personal para las siguientes finalidades secundarias que <strong>no son necesarias <\/strong>para el servicio solicitado, pero que nos permiten y facilitan brindarle una mejor atenci\u00f3n:<\/p>\n\n\n\n<p>\u25cf Prospecci\u00f3n de clientes \u25cf Publicidad<br>\u25cf Relaciones Publicas<br>\u25cf Negocios Internos<\/p>\n\n\n\n<p>\u25cf Mercadotecnia o publicitaria \u25cf Prospecci\u00f3n comercial<\/p>\n\n\n\n<p>En caso de que no desee que sus datos personales se utilicen para estos fines secundarios, ind\u00edquelo a continuaci\u00f3n: No consiento que mis datos personales se utilicen para los siguientes fines:<\/p>\n\n\n\n<p>[ ] Prospecci\u00f3n de clientes <\/p>\n\n\n\n<p>[ ] Publicidad<\/p>\n\n\n\n<p><br>[ ] Relaciones Publicas<\/p>\n\n\n\n<p><br>[ ] Negocios Internos<\/p>\n\n\n\n<p>[ ] Mercadotecnia o publicitaria [ ] Prospecci\u00f3n comercial<\/p>\n\n\n\n<p>La negativa para el uso de sus datos personales para estas finalidades no podr\u00e1 ser un motivo para que le neguemos los servicios y productos que solicita o contrata con nosotros.<\/p>\n\n\n\n<p><strong>\u00bfQu\u00e9 datos personales utilizaremos para estos fines?<\/strong><\/p>\n\n\n\n<p>Para llevar a cabo las finalidades descritas en el presente aviso de privacidad, utilizaremos los siguientes datos personales:<\/p>\n\n\n\n<p>\u25cf Nombre<br>\u25cf Tel\u00e9fono particular<br>\u25cf Tel\u00e9fono celular<br>\u25cf Correo electr\u00f3nico<br>\u25cf Datos de identificaci\u00f3n \u25cf Datos de contacto<\/p>\n\n\n\n<p><strong>\u00bfC\u00f3mo puede acceder, rectificar o cancelar sus datos personales, u oponerse a su uso?<\/strong><\/p>\n\n\n\n<p>Usted tiene derecho a conocer qu\u00e9 datos personales tenemos de usted, para qu\u00e9 los utilizamos y las condiciones del uso que les damos (Acceso). Asimismo, es su derecho solicitar la correcci\u00f3n de su informaci\u00f3n personal en caso de que est\u00e9 desactualizada, sea inexacta o incompleta (Rectificaci\u00f3n); que la eliminemos de nuestros registros o bases de datos cuando considere que la misma no est\u00e1 siendo utilizada adecuadamente (Cancelaci\u00f3n); as\u00ed como oponerse al uso de sus datos personales para fines espec\u00edficos (Oposici\u00f3n). Estos derechos se conocen como derechos ARCO.<\/p>\n\n\n\n<p>Para el ejercicio de cualquiera de los derechos ARCO, usted deber\u00e1 presentar la solicitud respectiva a trav\u00e9s del siguiente medio:<\/p>\n\n\n\n<p>+55 5631 24 39<br>Con relaci\u00f3n al procedimiento y requisitos para el ejercicio de sus derechos ARCO, le informamos lo siguiente:<\/p>\n\n\n\n<p>a) \u00bfA trav\u00e9s de qu\u00e9 medios pueden acreditar su identidad el titular y, en su caso, su representante, as\u00ed como la personalidad este \u00faltimo?<br>Identificaci\u00f3n Oficial Vigente<\/p>\n\n\n\n<p>b) \u00bfQu\u00e9 informaci\u00f3n y\/o documentaci\u00f3n deber\u00e1 contener la solicitud? INE<\/p>\n\n\n\n<p>c) \u00bfEn cu\u00e1ntos d\u00edas le daremos respuesta a su solicitud? 3 d\u00edas h\u00e1biles<\/p>\n\n\n\n<p>d) \u00bfPor qu\u00e9 medio le comunicaremos la respuesta a su solicitud? Correo electr\u00f3nico<\/p>\n\n\n\n<p>e) \u00bfEn qu\u00e9 medios se pueden reproducir los datos personales que, en su caso, solicite? Correo Electr\u00f3nico<\/p>\n\n\n\n<p>Los datos de contacto de la persona o departamento de datos personales, que est\u00e1 a cargo de dar tr\u00e1mite a las solicitudes de derechos ARCO, son los siguientes:<\/p>\n\n\n\n<p>a) Nombre de la persona o departamento de datos personales: Silvia Silva<br>b) Domicilio: calle Tecoh Mz 965 Lt 33, colonia Pedregal de San Nicol\u00e1s, ciudad Ciudad de Mexico, municipio o delegaci\u00f3n Tlalpan, c.p. 14100, en la entidad de CDMX, pa\u00eds M\u00e9xico<br>c) Correo electr\u00f3nico: silvia@manufacturasilver.com<\/p>\n\n\n\n<p><strong>Usted puede revocar su consentimiento para el uso de sus datos personales<\/strong><\/p>\n\n\n\n<p>Usted puede revocar el consentimiento que, en su caso, nos haya otorgado para el tratamiento de sus datos personales. Sin embargo, es importante que tenga en cuenta que no en todos los casos podremos atender su solicitud o concluir el uso de forma inmediata, ya que es posible que por alguna obligaci\u00f3n legal requiramos seguir tratando sus datos personales. Asimismo, usted deber\u00e1 considerar que para ciertos fines, la revocaci\u00f3n de su consentimiento implicar\u00e1 que no le podamos seguir prestando el servicio que nos solicit\u00f3, o la conclusi\u00f3n de su relaci\u00f3n con nosotros.<\/p>\n\n\n\n<p>Para revocar su consentimiento deber\u00e1 presentar su solicitud a trav\u00e9s del siguiente medio:<br>Correo electr\u00f3nico<br>Con relaci\u00f3n al procedimiento y requisitos para la revocaci\u00f3n de su consentimiento, le informamos lo siguiente:<\/p>\n\n\n\n<p>a) \u00bfA trav\u00e9s de qu\u00e9 medios pueden acreditar su identidad el titular y, en su caso, su representante, as\u00ed como la personalidad este \u00faltimo?<br>Identificaci\u00f3n Oficial Vigente<\/p>\n\n\n\n<p>b) \u00bfQu\u00e9 informaci\u00f3n y\/o documentaci\u00f3n deber\u00e1 contener la solicitud? Identificaci\u00f3n Oficial Vigente<\/p>\n\n\n\n<p>c) \u00bfEn cu\u00e1ntos d\u00edas le daremos respuesta a su solicitud? 3 d\u00edas<\/p>\n\n\n\n<p>d) \u00bfPor qu\u00e9 medio le comunicaremos la respuesta a su solicitud? correo electr\u00f3nico<\/p>\n\n\n\n<p><strong>\u00bfC\u00f3mo puede limitar el uso o divulgaci\u00f3n de su informaci\u00f3n personal?<\/strong><\/p>\n\n\n\n<p>Con objeto de que usted pueda limitar el uso y divulgaci\u00f3n de su informaci\u00f3n personal, le ofrecemos los siguientes medios:<\/p>\n\n\n\n<p>Correo electr\u00f3nico<\/p>\n\n\n\n<p>Asimismo, usted se podr\u00e1 inscribir a los siguientes registros, en caso de que no desee obtener publicidad de nuestra parte:<\/p>\n\n\n\n<p>Registro P\u00fablico para Evitar Publicidad, para mayor informaci\u00f3n consulte el portal de internet de la PROFECO<\/p>\n\n\n\n<p><strong>\u00bfC\u00f3mo puede conocer los cambios en este aviso de privacidad?<\/strong><\/p>\n\n\n\n<p>El presente aviso de privacidad puede sufrir modificaciones, cambios o actualizaciones derivadas de nuevos requerimientos legales; de nuestras propias necesidades por los productos o servicios que ofrecemos; de nuestras pr\u00e1cticas de privacidad; de cambios en nuestro modelo de negocio, o por otras causas.<\/p>\n\n\n\n<p>Nos comprometemos a mantenerlo informado sobre los cambios que pueda sufrir el presente aviso de privacidad, a trav\u00e9s de: Actualizaci\u00f3n en la pagina web.<\/p>\n\n\n\n<p>El procedimiento a trav\u00e9s del cual se llevar\u00e1n a cabo las notificaciones sobre cambios o actualizaciones al presente aviso de privacidad es el siguiente:<\/p>\n\n\n\n<p>Se realizar\u00e1 una actualizaci\u00f3n directa en la pagina y los visitantes tendr\u00e1n la obligaci\u00f3n de consultarla<\/p>\n\n\n\n<p class=\"has-text-align-right\"><br>\u00daltima actualizaci\u00f3n: 16\/12\/2020<\/p>\n","protected":false},"excerpt":{"rendered":"<p>Manufacturas Industriales Silver, S.A. de C.V., mejor conocido como Silvia Silva Guti\u00e9rrez, con domicilio en calle Tecoh Mz&#8230;<\/p>\n","protected":false},"author":1,"featured_media":0,"parent":0,"menu_order":0,"comment_status":"closed","ping_status":"closed","template":"","meta":{"_themeisle_gutenberg_block_has_review":false,"footnotes":""},"class_list":["post-3","page","type-page","status-publish","hentry"],"_links":{"self":[{"href":"https:\/\/manufacturasilver.com\/index.php\/wp-json\/wp\/v2\/pages\/3","targetHints":{"allow":["GET"]}}],"collection":[{"href":"https:\/\/manufacturasilver.com\/index.php\/wp-json\/wp\/v2\/pages"}],"about":[{"href":"https:\/\/manufacturasilver.com\/index.php\/wp-json\/wp\/v2\/types\/page"}],"author":[{"embeddable":true,"href":"https:\/\/manufacturasilver.com\/index.php\/wp-json\/wp\/v2\/users\/1"}],"replies":[{"embeddable":true,"href":"https:\/\/manufacturasilver.com\/index.php\/wp-json\/wp\/v2\/comments?post=3"}],"version-history":[{"count":5,"href":"https:\/\/manufacturasilver.com\/index.php\/wp-json\/wp\/v2\/pages\/3\/revisions"}],"predecessor-version":[{"id":3625,"href":"https:\/\/manufacturasilver.com\/index.php\/wp-json\/wp\/v2\/pages\/3\/revisions\/3625"}],"wp:attachment":[{"href":"https:\/\/manufacturasilver.com\/index.php\/wp-json\/wp\/v2\/media?parent=3"}],"curies":[{"name":"wp","href":"https:\/\/api.w.org\/{rel}","templated":true}]}}